 Calculate the greatest common divisor of o and 112.
28
Suppose -2*n - 4*n = -54. What is the highest common factor of n and 9?
9
Let t be (4 + 44/(-8))*2. Let w be (-3)/((-18)/4 - t). What is the highest common factor of 14 and w?
2
Suppose 22 = 2*j - 70. Calculate the highest common divisor of j and 69.
23
Let c = 54 + -43. Calculate the highest common divisor of 55 and c.
11
Suppose -3*s + 0*y - 4*y = -107, 20 = 4*y. What is the greatest common divisor of s and 145?
29
Let k(c) = 11*c**2 - c + 2. Let l be k(-2). Suppose y + 3*y = l. Calculate the greatest common factor of 30 and y.
6
Let h = 54 + 292. Suppose 2*p - 3*s + 0*s = h, -2 = -s. Calculate the greatest common divisor of 16 and p.
16
Let x(m) = 17*m**2 + 2*m + 1. Let d be ((-8)/12)/((-4)/(-6)). Let c be x(d). What is the greatest common divisor of c and 16?
16
Let n = 224 - 158. Suppose 4*h - 28 = -4. Calculate the highest common factor of n and h.
6
Let m = -3 - -35. Calculate the highest common factor of 16 and m.
16
Let o(l) = 20*l + 4. Let a be o(4). What is the highest common divisor of 56 and a?
28
Let f(n) = -n. Let k be f(-3). Let b(s) = s**2 + 3. Let g be b(k). Calculate the highest common divisor of g and 108.
12
Suppose -14 + 9 = y. Let u(a) = a**3 + 4*a**2 - 5*a + 5. Let d be u(y). What is the highest common divisor of d and 10?
5
Let h(j) = 7*j - 10. Let p be h(7). What is the greatest common divisor of p and 26?
13
Suppose 2*b + 3*n = 45, 4*n - 2*n = 2*b - 20. What is the greatest common factor of 15 and b?
15
Let j(k) = k - 10. Let n be j(10). Suppose 4*d - 5*o - 609 = n, -d - 4*o + 162 = 36. Let t = -91 + d. Calculate the greatest common divisor of t and 5.
5
Suppose 0 = v - 57 - 58. Calculate the greatest common factor of 46 and v.
23
Suppose 2*u + 3*y = 285, 0 = -5*u + u - 2*y + 590. Suppose -z = 3*c - 78, -2*c + 5*z + u = 3*c. Let t = 17 + c. What is the highest common divisor of t and 11?
11
Let b(j) = 2*j**2 - 5*j - 5. Let n be b(5). Suppose -188 = -3*o + 52. Calculate the greatest common factor of o and n.
20
Let y = -12 - -17. Suppose -5*f + 560 = 5*z, 587 = y*z + 3*f - 7*f. Calculate the highest common factor of z and 46.
23
Let o(l) = -l**2 - 6*l - 2. Let f be o(-4). Calculate the greatest common factor of 4 and f.
2
Let r(z) = -z - 7. Let w be r(-7). Let y = 6 + w. Let t = 2 + 1. What is the greatest common factor of y and t?
3
Let d(x) = x**3 + 2*x**2 + x + 2. Let j be d(-3). Let b = 10 - j. What is the highest common factor of b and 50?
10
Let s = 64 + -43. Suppose k + 168 = 5*k. Calculate the greatest common factor of k and s.
21
Suppose v + 5*m = 10, -17 + 111 = 3*v - m. What is the greatest common divisor of 120 and v?
30
Suppose 0*z + 2 = z. Let s be (2*-1)/(z/(-12)). Suppose 2*b - 5*g - 116 = 0, -68 = 4*b - 5*g - 280. Calculate the greatest common factor of s and b.
12
Let x(b) = 2*b**3 + 2*b - 4. Suppose k - 5 + 17 = 3*o, 0 = 2*o - k - 9. Let a be x(o). Calculate the greatest common divisor of 14 and a.
14
Suppose -7*s = -3*s - 224. Suppose 3*z - 4 = s. Calculate the greatest common divisor of 4 and z.
4
Suppose -2*j - 3*j = -60. Calculate the greatest common factor of 60 and j.
12
Let f be (1 + -5)/((-22)/55). Suppose 0 = f*n - 11*n + 8. Let w = 15 + -3. What is the highest common divisor of n and w?
4
Let l = 13 + 3. Let s be (-8)/(-16) - 3/(-2). Calculate the highest common factor of s and l.
2
Let p be (-2)/7 - 19/7. Let t be 2*p*4/(-6). Let n = 65 - 37. Calculate the highest common divisor of t and n.
4
Let h(u) = u - 3. Let b(r) = 6*r - 3. Let p be b(2). Let q be h(p). What is the greatest common factor of q and 42?
6
Let w be 15/(-1*(-1)/6). Suppose 64 = 5*p - 16. Let s be 4*2/p*18. Calculate the greatest common divisor of w and s.
9
Let z(t) be the first derivative of 14*t**2 - 2*t + 1. Let b(g) = 2*g**2 - 3*g. Let l be b(2). Let v be z(l). What is the highest common divisor of 36 and v?
18
Suppose 5*r - 3*a = -a + 2575, 2*a - 527 = -r. What is the greatest common divisor of 47 and r?
47
Suppose -2*s + 5*s + 291 = 0. Let z = -59 - s. Let r be 2/(-4) + z/4. Calculate the highest common factor of 72 and r.
9
Let t be 3/(-2)*(-8)/6. What is the highest common factor of 14 and t?
2
Let w be ((-12)/20)/(-1) + 81/15. What is the highest common divisor of 12 and w?
6
Let f be (9/3)/3 + 35. What is the highest common factor of 48 and f?
12
Suppose -4*m + 138 = -0*m - f, 2*f = -5*m + 166. Suppose 0*o = -3*h + 3*o + 48, -90 = -5*h - 5*o. Calculate the greatest common factor of m and h.
17
Suppose -2*v + 4*v = 18. Suppose -17 + 341 = 36*u. What is the highest common divisor of u and v?
9
Let z(n) = -n - 1. Let x be z(-3). Let u(o) = 3*o + 1. Let m be u(1). Suppose 0 = m*v - 0 - 40. What is the highest common divisor of x and v?
2
Let t(x) = -x - 4. Let p be t(-5). Calculate the highest common factor of p and 1.
1
Suppose 0 = -3*g + 48 + 12. Let k be 876/5 - 2/10. Suppose 145 + k = 2*x. Calculate the greatest common factor of x and g.
20
Let b(x) = 2*x - 10. Let u be b(-7). Let z = 57 - u. What is the greatest common factor of 9 and z?
9
Let g(i) = -i - 4. Let k be g(-8). Calculate the greatest common divisor of 2 and k.
2
Let z(v) = -26*v - 4. Let q be z(-5). Suppose 0*b = -2*b + q. Calculate the highest common factor of b and 7.
7
Let s = -26 - -47. Let g = -12 - -22. Let m = s - g. What is the greatest common divisor of m and 55?
11
Suppose 0 = -0*u - 2*u + 14. Suppose -4*s + 146 = -106. Calculate the greatest common factor of s and u.
7
Let g(b) = b**3 + 4*b**2 + 2*b + 2. Let j be g(-4). Let h = 4 + j. Let v be (-7)/h + (-12)/(-8). What is the greatest common divisor of 15 and v?
5
Suppose -2*w + 10 = -4*w, -4*d = -5*w - 137. What is the greatest common divisor of 14 and d?
14
Let h be -1*4/7 + 159/21. Calculate the greatest common divisor of h and 7.
7
Suppose -x + 60 = 2*x. Suppose -5*t = 10, -7*j = -3*j - 3*t - 34. Suppose -4*n + 2*k = -j*n + 22, 2*n + k = 16. Calculate the highest common factor of x and n.
10
Let w = -15 - -42. What is the highest common factor of w and 243?
27
Let j(a) = -36*a + 4. Let m be j(-5). Suppose -29*g - 20 = -34*g. Suppose g*z - 32 = m. What is the greatest common factor of z and 36?
18
Let t be (-3)/(-12) + (-91)/(-4). Suppose -2*s - 2*z = -38, 2*s + 0*s + 5*z = t. Calculate the greatest common factor of s and 6.
6
Let i(j) = 3 + 3*j - 75*j**3 - 2 - 3*j. Let t be i(-1). Calculate the greatest common divisor of 19 and t.
19
Suppose 4*w + 0 = 4. Suppose w - 6 = -5*q. What is the highest common divisor of q and 11?
1
Let j = -4 - -2. Let g be 102/15 + j/(-10). Calculate the greatest common factor of 28 and g.
7
Let f = -14 - -26. What is the greatest common factor of 3 and f?
3
Let z be (-1 - 43)*(-22)/8. Let i be (-2)/2 - z/(-11). Let n(r) = -41*r - 1. Let s be n(-1). Calculate the highest common divisor of s and i.
10
Let q = 5 - -10. Let k(z) = 3*z + 9. Let x be k(-5). Let o = q + x. What is the greatest common factor of o and 9?
9
Let l(p) = 13*p - 20. Let h be l(4). Calculate the highest common factor of 128 and h.
32
Suppose -10 = 3*w - 5*w. Suppose 4*d - 14 = -2*m, 0*m = 3*m - d - 14. What is the highest common divisor of w and m?
5
Let n(y) = -y - 3. Let x be n(-5). Let b be (-2 - 0)*-4*2. Let q = -14 + b. Calculate the greatest common divisor of x and q.
2
Suppose 0*f = 3*f. Suppose 2*l - 4*l + 12 = f. Let p(s) = -10*s - 10. Let i be p(-7). Calculate the greatest common divisor of l and i.
6
Suppose 42 = 4*g + 3*g. What is the highest common divisor of 54 and g?
6
Let y(f) = f**2 + 7*f + 3. Let m be y(-6). Let j(v) = -2*v + 2. Let q be j(m). Calculate the highest common divisor of q and 2.
2
Let k(q) = -2*q + 6. Let w be k(4). Let l be (17 - 3)*(-1)/w. What is the highest common factor of 7 and l?
7
Let s be 45 - -2*(-1)/(-2). Suppose 0 = -4*m - r + 47, -2*m - 3*m + 3*r = -s. Calculate the greatest common divisor of 11 and m.
11
Let v(i) = -2*i**3 - i**2 + 3*i + 5. Let z be v(-2). Let x = 11 - 7. Suppose 15 = 3*r, x*u - 4*r = 240 + 48. Calculate the greatest common factor of z and u.
11
Let j = 4 + 4. Calculate the highest common divisor of j and 72.
8
Suppose 2*q + 0*q - 62 = -2*c, 0 = 3*c - q - 77. What is the highest common divisor of c and 81?
27
Suppose 34 - 4 = 2*q. Calculate the highest common divis